
5
Let w be 1 - -1*(-4)/2. Let i be (-2)/6 + w/(-3). Suppose 2*p - 44 = -i*a - 4*a, 12 = 4*a. List the prime factors of p.
2
Let i(s) = s - 3. Let r be i(7). Suppose -2*d + 12 = u, -r*d - 5*u + u = -32. Suppose -f + 5*k - 2 = -5, -d*k = -4*f + 12. List the prime factors of f.
3
Let o be (-16)/(-10)*5/2. Let h = o - -2. List the prime factors of h.
2, 3
What are the prime factors of (-12)/(0 - (-12)/(-8))?
2
Suppose 18 = -2*s + 2*f, 28 = -3*s - 2*f - 24. List the prime factors of 1 + (-2 + -1 - s).
2, 3
Let x(p) = -10*p + 2. Let l be x(3). Let v = l + 52. What are the prime factors of v?
2, 3
Let l(a) = -a**3 + 7*a**2 + 6*a - 3. List the prime factors of l(7).
3, 13
Suppose -a - 290 = -3*a. Suppose -4*q = -3*j + a, 3*j + 0*q - 170 = -q. List the prime factors of j.
5, 11
Suppose -t - 23 = 19. What are the prime factors of 2/(-2) - (t - 5)?
2, 23
Let t(g) = 13*g**2 - 6. Let v(m) = 13*m**2 - 5. Let q(f) = -4*t(f) + 5*v(f). What are the prime factors of q(-1)?
2, 3
Let y(b) = -2 - 2*b + 1 + 0 + b - 14*b**2. Let v(z) = 29*z**2 + 2*z + 2. Let k(a) = 3*v(a) + 5*y(a). List the prime factors of k(-1).
17
Let o(d) = -d**3 + 14. Let h = 3 + -3. Let v be o(h). Suppose 2*k = 3*r + v, 3*r = -k + 4*k - 18. List the prime factors of k.
2
Let j = -16 + 57. Let f = -27 + j. What are the prime factors of f?
2, 7
Let l be -7*((-24)/(-21))/(-4). Suppose 2*j + l*n = j - 2, 5*n + 6 = -2*j. List the prime factors of j.
2
Let z = -1 + 7. What are the prime factors of (-4 - (-92)/12)*z?
2, 11
Let g = 29 + 53. What are the prime factors of g?
2, 41
Let b = 526 + -366. List the prime factors of b.
2, 5
Let p be 8/(-12) + 2/3. Suppose -6*c - 5*y = -4*c - 36, p = -c + 2*y. What are the prime factors of c?
2
Let z = 64 - 23. What are the prime factors of z?
41
Suppose -p = 2*p - 27. Suppose 2*g + 2*g = -20, -l - 2*g + p = 0. List the prime factors of l.
19
Let y(x) be the third derivative of -x**5/60 - 7*x**4/24 - x**3/3 - x**2. Suppose 0 = 4*b - 7*b - 15. What are the prime factors of y(b)?
2
What are the prime factors of 55/3 + 4/6?
19
What are the prime factors of 54/(-12)*2/(-3)?
3
Let b(g) = g**3 + 4*g**2 - 5*g + 2. Let p be b(-5). Suppose 0 = -p*t + 7*t - 60. List the prime factors of t.
2, 3
Let s(i) = i**2 - i + 6. Let x be s(0). Suppose -2*y = -x*y + 72. What are the prime factors of y?
2, 3
Suppose -5*h - 5*k + 70 + 70 = 0, 4*h - 139 = 5*k. What are the prime factors of h?
31
Suppose 4*v + 13 = 5*x, -3*v - 9 = v - x. Let o = v - -6. List the prime factors of o.
2
Let x(u) = 25*u + 9. Let b be x(7). Suppose -5*i = -i - 5*w - b, 208 = 4*i + w. List the prime factors of i.
3, 17
Suppose -p + 24 + 48 = 2*g, -3*g + 106 = p. What are the prime factors of g?
2, 17
Suppose 5*r + 131 = 2*j, -r + 85 = -4*j + 320. List the prime factors of j.
2, 29
Let i(d) = -3*d + 60. What are the prime factors of i(0)?
2, 3, 5
Let c(h) = -23*h - 2. Let i = 11 - 12. What are the prime factors of c(i)?
3, 7
Let q(w) = w**3 - 6*w**2 + 7*w + 7. List the prime factors of q(6).
7
Suppose -5*a - 5*a = -1370. List the prime factors of a.
137
Let r(g) = -2*g**3 + 3*g**2 + 6*g - 2. Let s(y) = -y**2 - y + 1. Let f(v) = r(v) + 3*s(v). Let a be (4/(-6))/(2/6). List the prime factors of f(a).
11
Suppose 0 = 2*g + 2*o + 60, -g - 4*o - 18 = o. Let z = 56 + g. Let n = z + -12. List the prime factors of n.
11
Let b = 6 + 5. Suppose 5*w + 2*t = 0, 5*w + 4*t - 1 = -b. List the prime factors of w.
2
Let y(f) = 2*f**3 + 2*f**2. Let c be y(-2). Let l = 17 + c. What are the prime factors of ((-6)/l - 0)*-9?
2, 3
Let i(b) = 2*b - 8. Let j(s) = 1. Let q(v) = i(v) + 6*j(v). What are the prime factors of q(5)?
2
Let c be (-15 - -16) + 1*2. List the prime factors of (1 + -2)*(-8 + c).
5
Let g = 21 + -36. Let z = 17 + g. List the prime factors of z.
2
Suppose -3*m + 79 - 1 = 0. Suppose -4*i = 2*h - m, 5*i + 5*h - 15 = 15. List the prime factors of (10/(-4))/(i/(-42)).
3, 5
Suppose -896 = -4*i - 4*v, 2*i + 4*v + 0*v = 456. List the prime factors of i.
2, 5, 11
Let w = 127 - 83. List the prime factors of w.
2, 11
Suppose -2*a + 9 = -3*g, 5*g + 23 + 5 = -a. Let s be (-1)/(a/12) - 2. List the prime factors of (-8)/s*(-26)/8.
13
List the prime factors of (-27)/(-45) + 1504/10.
151
Let f be ((-12)/10)/(6/20). What are the prime factors of (-5)/(1 + f/2)?
5
Let u(f) = -3*f - 7. Let s be u(-3). Suppose 0*i - s*i + 62 = 0. List the prime factors of i.
31
Suppose -6*x = -11*x + 700. What are the prime factors of x?
2, 5, 7
Suppose 0 = -5*l - 75 - 90. Let k = -23 - l. Let r = -5 + k. List the prime factors of r.
5
Suppose 35 = 2*g - 1. Let h(u) = -u + 16. Let c be h(26). Let z = c + g. List the prime factors of z.
2
Let b be (24/5)/(4/50). Suppose 2*a + 16 = -4*h, -11 = -5*a - h - b. What are the prime factors of (6/15)/((-1)/a)?
2
Let b be 2 + -56 + 4 + -3. Let t = -24 - b. List the prime factors of t.
29
Let f(q) = -q**2 - q + 8. What are the prime factors of f(-3)?
2
Let m(n) be the second derivative of -n**5/20 - n**4/4 - n**3/6 - n**2/2 + n. Let d(k) = 2*k + 7. Let g be d(-5). List the prime factors of m(g).
2
Let s(c) = 0 + 3 + 5*c - 5 - c**2. Let f be s(5). What are the prime factors of -3 - 1/(f/22)?
2
Let a(b) = 5*b + 1. Let y be a(1). Let m(f) = -f**3 + 7*f**2 - 4*f - 4. List the prime factors of m(y).
2
List the prime factors of (20 - 2)/(6 + -5).
2, 3
Suppose 3*l + 2*l = 3*q - 214, -5*l = 3*q - 224. What are the prime factors of q?
73
Let w(h) = 4*h**2 + 2*h - 2. Let c be w(2). Suppose z - 4*z = -c. List the prime factors of z.
2, 3
Suppose -3 + 0 = 3*s. What are the prime factors of 2/s*(8 + -13)?
2, 5
Let k(t) = -7*t - 38. List the prime factors of k(-9).
5
Let d(j) = -j**3 + 6*j**2 + j. What are the prime factors of d(3)?
2, 3, 5
Let d = 8 - 6. Suppose d*n = -13 + 67. What are the prime factors of n?
3
Let l(p) = 12*p - 2. Let s be l(1). What are the prime factors of (-2780)/(-50) - 6/s?
5, 11
Let f = 9 + -15. Let y = 1 - f. List the prime factors of y.
7
Let q(g) = -5*g**2 + 3*g + 1. Let l(r) = 10*r**2 - 7*r - 2. Let a(n) = -2*l(n) - 5*q(n). What are the prime factors of a(2)?
17
What are the prime factors of ((-58)/(-2))/1 - -3?
2
Suppose 0 = -2*m + 2 + 4. Suppose 0 = -p - m*p + 48. List the prime factors of p.
2, 3
Suppose -u = 5*l - 2 + 4, -5*l = -5*u - 70. Let q = 19 + u. What are the prime factors of q?
7
Suppose 4*n + 10 = 2*u, -3*u - 4*n - 2 = 3. Let f be (u*-3)/((-9)/15). Suppose -2*q = -4*o - q + 53, o - f*q = -1. List the prime factors of o.
2, 7
Let h(u) = -3*u**2 + 0 + 5*u**2 + 0. What are the prime factors of h(1)?
2
Let w = 112 - -8. Suppose -w = -7*v + 3*v. List the prime factors of v.
2, 3, 5
Let l be 1/(-1 + (-8)/(-6)). Suppose -3*u - 4 = 4*b, -3*b + 3*u + 15 = -l. List the prime factors of b.
2
Let i = -139 - -230. What are the prime factors of i?
7, 13
What are the prime factors of 261 - (0 + 0)/(-3)?
3, 29
Suppose c - 48 = 5*c. What are the prime factors of (c/10)/((-2)/15)?
3
Suppose 6*s - 1552 = -2*s. List the prime factors of s.
2, 97
Suppose -3 + 18 = 3*t. Suppose 3*n + 4*s - t - 9 = 0, -5*n = -2*s - 58. List the prime factors of n.
2, 5
Let k = 41 - -21. What are the prime factors of k?
2, 31
Let m(f) = -2*f + 4*f - 5*f - 5. Suppose 3*a = -3*i - 30, 3*i = -0*a + 3*a. What are the prime factors of m(a)?
2, 5
Let i = 522 - 834. List the prime factors of i/(-16)*(-8)/(-6).
2, 13
Let w(p) = -p**3 - 4*p + 1. List the prime factors of w(-3).
2, 5
Let t(i) be the second derivative of -i**5/20 - 5*i**4/12 + 2*i**3/3 + 2*i**2 - 3*i. List the prime factors of t(-6).
2
Suppose -10 = -0*s - 2*s. Let a = s + -4. What are the prime factors of a/(-2) - 99/(-6)?
2
Let n(q) = -q**3 - 3*q**2 + 2. Let d be n(-3). Let c(y) = d*y + 1 - 4 + y. What are the prime factors of c(4)?
3
Let s = -4 + 6. Suppose p = 2*n + 6, -1 + 5 = -s*n. Suppose -p*b - 3*a + 19 = 0, -5*b + a + 37 = -2*a. List the prime factors of b.
2
Suppose 2*x + 2*b = 220, -b - 440 = -4*x - 0*b. What are the prime factors of x?
2, 5, 11
Let b be (3 + (0 - 2))*-1. Let v be 17 + (-4 + 0 - b). Suppose v = g - 5*i, 2*g = 3*i + 15 + 13. List the prime factors of g.
2, 7
Let i(x) = 3*x**2 - 6*x + 20. List the prime factors of i(6).
2, 23
Suppose 2*u = 4*t - 14, 5*t - 4*t = u + 5. Let p be 2/(u/(-3 + 0)). What are the prime factors of (2 + p)/(-2)*